is the units digit of q?
6
Suppose -1064 = -2*d + 6*a - 2*a, -a = -4*d + 2149. What is the tens digit of d?
3
Let y be 2/(15/(-6) + 3). What is the hundreds digit of (4 - (-1 + y)) + 155 + 0?
1
Let z(w) = w**3 - 15*w**2 - 34*w + 2. Let m be z(17). Suppose -m*f + 199 + 19 = 0. What is the tens digit of f?
0
Let x(h) = -h**3 + h**2 + 5. Let a be x(0). Let j = 19 - a. Let z = 29 - j. What is the tens digit of z?
1
Let v(z) = 23*z + 707. What is the units digit of v(-12)?
1
Suppose 3*w = 383 + 2494. What is the tens digit of w?
5
Let u(x) = -25*x**2 - 2*x - 1. Let c be u(2). Let j = 11 - c. What is the units digit of j?
6
Let b be (2/3)/((-10)/(-75)). Suppose -7 = -b*p + 3. Suppose p*a + 5*t - 25 = 0, 47 + 29 = 5*a - t. What is the tens digit of a?
1
Suppose 24*p = 8768 + 3088. What is the units digit of p?
4
Let p(d) = -d**3 - 3*d**2 + 4*d - 7. What is the tens digit of p(-8)?
8
Let x(w) be the first derivative of -w**5/60 - 7*w**4/24 + 2*w**3/3 + 3*w**2/2 - 4. Let u(k) be the second derivative of x(k). What is the units digit of u(-7)?
4
Let l = -246 + 117. Let f = l + 238. What is the units digit of f?
9
Let v(f) = -f**3 + 3*f**2 + 3*f. Let s be v(4). Let n = 88 - s. What is the units digit of n/9 + 2/(-9)?
0
Let i = 2 + -11. Suppose z - 27 = -2*y - 110, 207 = -5*y - 2*z. Let j = i - y. What is the tens digit of j?
3
Let p(o) = -7 + 5*o - 2*o + o - 3*o. Let d be p(8). What is the units digit of 3/(6*d/40)?
0
Suppose 11*o = 18*o - 3458. What is the units digit of o?
4
Suppose -6*i + 2482 = -4*i - s, 4*i + 5*s = 4964. What is the hundreds digit of i?
2
Suppose y - 10*a - 1066 = -6*a, -2*y + 2112 = -4*a. What is the hundreds digit of y?
0
Let x = -7 - -10. Suppose -3*v + 2*l + 339 = 0, -3*v + x*l = v - 452. What is the tens digit of v?
1
Suppose -5*k - 4*s + 7*s = -7, -5*k + 9 = -s. Suppose -3*q + k*q + 100 = 0. What is the tens digit of q?
0
Suppose 5*a = 8*a - 6. Suppose 0 = q + 4*l + 2, 17 = 5*q - a*l - 83. What is the units digit of q?
8
What is the tens digit of 1 - (0 - 0 - (5 - -153))?
5
Let t = -14 + 14. Suppose h - 3*h - 24 = t. What is the units digit of (1*h)/(-2) - 2?
4
What is the tens digit of ((-28)/84)/(2/(-852))?
4
Let k = 4 + 0. Let g(h) = -4 + k*h**2 - h**3 - 6*h**2 - h**2. What is the units digit of g(-4)?
2
Suppose -2*f - 816 = -5*f. Suppose -226 = -3*p + f. Suppose p = 2*t + 5*m - m, 2*m = 4*t - 312. What is the units digit of t?
9
Let m(w) = w**3 + 21*w**2 - 2*w - 46. Let k be m(-21). Let j(l) = -l - 4 - 5 + 6. What is the units digit of j(k)?
1
Let x(q) = -q**2 - 20*q + 8. Let b = 83 + -99. What is the units digit of x(b)?
2
Suppose 295 = 3*p - 2435. What is the tens digit of p?
1
Let f = 296 + 802. What is the tens digit of f?
9
Let t(f) = 391*f**2 - 13*f - 13. What is the hundreds digit of t(-1)?
3
Let s(f) = 2226*f + 44. What is the hundreds digit of s(1)?
2
Let i = 43 - 38. Let h = 8 + i. What is the units digit of h?
3
Let n(v) = v**2 + 2*v - 6. Let l be n(-4). What is the units digit of 7*(l/8 - 6/(-8))?
7
Let y(z) = -z**3 + 12*z**2 + 17*z + 31. Let k be y(13). Suppose -4*q = 2*i - 80, 4*i + q = 2*i + k. What is the units digit of i?
2
Suppose 39 = 4*v + 23. Suppose 6*k - 2*k - 760 = 4*h, -h = -v*k + 751. What is the units digit of k?
7
Suppose -m - j = -20, -5*m + 3*j + 124 = -0*j. Suppose -4*s = s - n - m, -5*s - n + 17 = 0. What is the units digit of s?
4
Let b(y) = y**2 - 5*y + 2. Let w be b(5). Suppose -55 = -i + 5*k, 5*i - k - 223 = -w*k. What is the units digit of (-4 - -6)/(2/i)?
5
Suppose -26*a + 4540 = 198. What is the units digit of a?
7
Suppose 13 = q - 4*l, -5*q = -5*l + 3*l - 11. Let b be 5 + (3 - 4) + q. Suppose -2*i - 30 - 2 = -3*r, 0 = -2*r + b*i + 3. What is the tens digit of r?
1
Let z = -348 - -598. What is the units digit of (-1)/((-1005)/z + (1 - -3))?
0
Let s = -3026 - -5203. What is the units digit of s?
7
Let n(j) = -j**2 + 3*j + 2. Let i be -3 + 8 - 2 - -12. Suppose 3*g + 9 = z + 5*g, 0 = 5*g - i. What is the units digit of n(z)?
2
Let f(t) = t**2 + 21*t - 90. What is the units digit of f(-30)?
0
Let d(c) = -2*c**3 + 16*c + 22. Let l be d(-5). Suppose 54 = -3*a + l. What is the tens digit of a?
4
Let f be ((-5)/(-10))/(-1)*106. What is the units digit of 9*(-3)/(-9) - f?
6
What is the tens digit of (-2)/8 + 7 + 60179/28?
5
Suppose 5*l = -3*y + 1853, 10*y - 627 = 9*y - 4*l. What is the hundreds digit of y?
6
Let t be (0 - 1)/(2/(-2)). Let z = 48 + -31. Let i = t + z. What is the tens digit of i?
1
Let r(c) = -c**3 - 7*c**2 - 2*c - 9. Let y be r(-6). Let b be 1*3*(-55)/y. Suppose 27 = b*o - 28. What is the tens digit of o?
1
Suppose -3*m + 446 = w, -892 = -2*w + 4*m + m. What is the tens digit of w?
4
Let z be 3/5 - 9/15. Suppose x - 20 = -z*x. What is the units digit of (35/x)/(1/4)?
7
What is the units digit of ((-165)/(-44))/(12/1040)?
5
Let p(c) = -851*c - 95. What is the thousands digit of p(-4)?
3
Suppose -14*d = -6*d - 1688. What is the units digit of d?
1
Let w(b) be the second derivative of -2*b**2 + 0 + 1/6*b**4 + b - b**3. What is the units digit of w(5)?
6
Let l(g) = -g**3 + 7*g**2 + g - 1. Let u be l(7). Suppose 3*v - 13 = -2*i, -4*i + 80 = i - 2*v. What is the units digit of (3/u + 0)*i?
7
Let a = -657 + 1349. What is the units digit of a?
2
Suppose 729 = 2*r + 4*s - 321, s - 1590 = -3*r. What is the hundreds digit of r?
5
Suppose -3*y + 1134 = -0*y. Suppose -7*u = -u - y. What is the units digit of u?
3
Let k(g) = -3 - 11 + 2*g**2 - 15 + 11*g - g**2. Let r be k(-13). What is the tens digit of (-96)/r - (-3)/3?
3
Let i(k) = 2*k**3 - 4*k**2 + k - 6. Let r be i(7). Let q = r + -292. What is the units digit of q?
9
What is the tens digit of -1*(-2 + -629)*(-5 + 6)?
3
Let b(u) = -u - 10. Let p be b(-8). Let f(g) = 8*g**2 + g + 5. Let s be f(p). Suppose -2*d + s + 19 = 0. What is the units digit of d?
7
Let i(q) = 83*q + 404. What is the tens digit of i(16)?
3
Suppose 0*u - 2*u - 4*p = -1488, -2*p = 10. What is the units digit of u?
4
Suppose 4*g = 3*g. Suppose g*s + 4*s = 2*u - 16, 0 = 5*u + s - 51. What is the tens digit of u?
1
Let c = 2032 - -10. What is the thousands digit of c?
2
Let y be 21 + (-7 + 3)/(-4). Let q = y - 24. What is the units digit of (-8 + 1)*2/q?
7
Let v be (15 - 2)*(7 + -6). Let x(a) = a**2 - 13*a - 4. Let k be x(v). What is the tens digit of (-2)/k*8 + 44?
4
Let c = 23 - 36. Let a = 18 + c. Suppose a*l = 10, 5*l - 40 = -3*o + o. What is the tens digit of o?
1
Suppose 3479 = -52*k + 53*k. What is the thousands digit of k?
3
Suppose 3*w = 5*k + 1, 3*w = -w + 2*k + 6. Suppose -w*u = o + 4*o + 15, -35 = -5*u + 2*o. Suppose -u*s + 3*s + 42 = 0. What is the tens digit of s?
2
Let c(k) = 6*k - 21. Suppose 5*u - 2*f = 88 - 14, 0 = u - 3*f - 20. What is the units digit of c(u)?
3
Let f = -20 - -11. Let o = -11 - f. What is the tens digit of 37 - ((-1 - o) + 3)?
3
Let i be ((-2)/1)/((-1)/2). Suppose 68 = i*n - 76. What is the units digit of n?
6
Let p(d) = -d - 22. Let a be p(-14). What is the units digit of (-2)/4*(-196 - a/2)?
6
Suppose -2*h + 2*d - 15 = -3*d, -h + 4*d - 15 = 0. Let v = 4 + h. What is the units digit of 3/2 + v/6?
3
Let w = 533 + -177. What is the hundreds digit of w?
3
Let t(b) = 896*b**2 - 45*b - 4. What is the thousands digit of t(2)?
3
Let l = 405 - 180. What is the units digit of l?
5
Suppose -538*y = -542*y + 15140. What is the tens digit of y?
8
Let j be (143/(-26))/((-1)/4). Let s = j - -1. What is the tens digit of s?
2
Let a(i) = 46*i**2 + 3*i + 1. Let w(n) = -n. Let x(r) = a(r) + 6*w(r). What is the tens digit of x(1)?
4
Let d = -148 - -122. What is the units digit of (-5438)/d - (-42)/(-273)?
9
Suppose 4*u + 0*u - 56 = -2*d, -17 = -u + d. Let n = -23 + u. Let t = n + 12. What is the units digit of t?
4
Let z(j) = 4*j**2 - 12*j - 96. What is the hundreds digit of z(15)?
6
Let b = -39 + 44. Suppose -277 = -b*c + 438. What is the hundreds digit of c?
1
What is the hundreds digit of 4169/22 + 3/2?
1
Let r = 832 - 634. What is the hundreds digit of r?
1
Let z = 824 + -507. What is the units digit of z/5 - (-12)/20?
4
Let o be 1/(-1)*(6 - -5). Let l(y) = -4*y - 16. Let x be l(o). Suppose 5*a = 6*a - x. What is the tens digit of a?
2
Let o = 2274 + -1177. What is the hundreds digit of o?
0
Suppose 712 = 6*r - 2*r. What is the hundreds digit 